 is divided by 23.
21
What is the remainder when 594 is divided by 24?
18
What is the remainder when 346 is divided by 106?
28
Calculate the remainder when 295 is divided by 74.
73
What is the remainder when 685 is divided by 53?
49
What is the remainder when 7318 is divided by 74?
66
What is the remainder when 187 is divided by 27?
25
Calculate the remainder when 417 is divided by 32.
1
What is the remainder when 503 is divided by 3?
2
What is the remainder when 24 is divided by 24?
0
Calculate the remainder when 427 is divided by 86.
83
What is the remainder when 161 is divided by 30?
11
What is the remainder when 1378 is divided by 20?
18
What is the remainder when 396 is divided by 19?
16
What is the remainder when 64 is divided by 58?
6
Calculate the remainder when 120 is divided by 41.
38
What is the remainder when 4258 is divided by 15?
13
What is the remainder when 169 is divided by 162?
7
Calculate the remainder when 600 is divided by 36.
24
Calculate the remainder when 104 is divided by 102.
2
What is the remainder when 43 is divided by 9?
7
Calculate the remainder when 511 is divided by 64.
63
What is the remainder when 2705 is divided by 157?
36
What is the remainder when 388 is divided by 17?
14
Calculate the remainder when 2081 is divided by 412.
21
Calculate the remainder when 4 is divided by 2.
0
What is the remainder when 518 is divided by 250?
18
What is the remainder when 203 is divided by 15?
8
What is the remainder when 798 is divided by 5?
3
Calculate the remainder when 674 is divided by 101.
68
What is the remainder when 16872 is divided by 26?
24
Calculate the remainder when 262 is divided by 84.
10
Calculate the remainder when 134 is divided by 11.
2
What is the remainder when 44 is divided by 9?
8
What is the remainder when 32 is divided by 25?
7
What is the remainder when 1123 is divided by 15?
13
What is the remainder when 485 is divided by 18?
17
What is the remainder when 613 is divided by 361?
252
What is the remainder when 432 is divided by 102?
24
Calculate the remainder when 508 is divided by 153.
49
Calculate the remainder when 228 is divided by 9.
3
Calculate the remainder when 23 is divided by 3.
2
What is the remainder when 547 is divided by 282?
265
What is the remainder when 55 is divided by 43?
12
What is the remainder when 127 is divided by 27?
19
What is the remainder when 85 is divided by 18?
13
Calculate the remainder when 525 is divided by 90.
75
What is the remainder when 290 is divided by 30?
20
Calculate the remainder when 78 is divided by 38.
2
Calculate the remainder when 557 is divided by 20.
17
What is the remainder when 178 is divided by 51?
25
What is the remainder when 429 is divided by 24?
21
What is the remainder when 216 is divided by 104?
8
What is the remainder when 311 is divided by 9?
5
Calculate the remainder when 337 is divided by 11.
7
Calculate the remainder when 755 is divided by 63.
62
What is the remainder when 541 is divided by 82?
49
What is the remainder when 189 is divided by 93?
3
What is the remainder when 493 is divided by 13?
12
What is the remainder when 218 is divided by 11?
9
Calculate the remainder when 169 is divided by 19.
17
Calculate the remainder when 4101 is divided by 9.
6
What is the remainder when 274 is divided by 108?
58
What is the remainder when 7494 is divided by 31?
23
What is the remainder when 582 is divided by 12?
6
Calculate the remainder when 613 is divided by 27.
19
What is the remainder when 510 is divided by 168?
6
Calculate the remainder when 1055 is divided by 152.
143
What is the remainder when 3518 is divided by 23?
22
What is the remainder when 336 is divided by 166?
4
What is the remainder when 5233 is divided by 119?
116
What is the remainder when 68 is divided by 56?
12
What is the remainder when 33 is divided by 12?
9
What is the remainder when 531 is divided by 73?
20
Calculate the remainder when 328 is divided by 57.
43
Calculate the remainder when 287 is divided by 10.
7
Calculate the remainder when 52 is divided by 51.
1
What is the remainder when 1468 is divided by 79?
46
What is the remainder when 125 is divided by 32?
29
Calculate the remainder when 136 is divided by 11.
4
Calculate the remainder when 623 is divided by 30.
23
Calculate the remainder when 259 is divided by 66.
61
What is the remainder when 393 is divided by 79?
77
What is the remainder when 939 is divided by 12?
3
What is the remainder when 4134 is divided by 18?
12
Calculate the remainder when 3021 is divided by 54.
51
Calculate the remainder when 980 is divided by 109.
108
Calculate the remainder when 1070 is divided by 233.
138
Calculate the remainder when 20 is divided by 12.
8
Calculate the remainder when 565 is divided by 507.
58
Calculate the remainder when 948 is divided by 236.
4
Calculate the remainder when 182 is divided by 37.
34
Calculate the remainder when 803 is divided by 57.
5
Calculate the remainder when 106 is divided by 12.
10
What is the remainder when 1842 is divided by 525?
267
Calculate the remainder when 843 is divided by 53.
48
Calculate the remainder when 873 is divided by 73.
70
Calculate the remainder when 764 is divided by 32.
28
Calculate the remainder when 4104 is divided by 111.
108
What is the remainder when 2875 is divided by 120?
115
What is the remainder when 1576 is divided by 407?
355
Calculate the remainder when 113 is divided by 2.
1
Calculate the remainder when 54 is divided by 7.
5
Calculate the remainder when 280 is divided by 153.
127
What is the remainder when 250 is divided by 82?
4
Calculate the remainder when 638 is divided by 64.
62
Calculate the remainder when 624 is divided by 67.
21
What is the remainder when 1153 is divided by 55?
53
Calculate the remainder when 8012 is divided by 64.
12
Calculate the remainder when 373 is divided by 18.
13
Calculate the remainder when 469 is divided by 79.
74
Calculate the remainder when 82 is divided by 7.
5
What is the remainder when 852 is divided by 211?
8
Calculate the remainder when 320 is divided by 73.
28
What is the remainder when 262 is divided by 22?
20
What is the remainder when 239 is divided by 207?
32
What is the remainder when 461 is divided by 65?
6
What is the remainder when 8267 is divided by 2752?
11
Calculate the remainder when 109 is divided by 14.
11
What is the remainder when 1023 is divided by 64?
63
Calculate the remainder when 1807 is divided by 16.
15
What is the remainder when 44 is divided by 23?
21
What is the remainder when 199 is divided by 65?
4
What is the remainder when 170 is divided by 58?
54
Calculate the remainder when 167 is divided by 31.
12
What is the remainder when 9981 is divided by 3325?
6
What is the remainder when 184 is divided by 30?
4
What is the remainder when 2582 is divided by 76?
74
What is the remainder when 93 is divided by 9?
3
What is the remainder when 295 is divided by 11?
9
What is the remainder when 520 is divided by 174?
172
Calculate the remainder when 87 is divided by 13.
9
Calculate the remainder when 473 is divided by 23.
13
Calculate the remainder when 372 is divided by 363.
9
What is the remainder when 1794 is divided by 62?
58
Calculate the remainder when 2348 is divided by 11.
5
Calculate the remainder when 621 is divided by 9.
0
What is the remainder when 118 is divided by 48?
22
What is the remainder when 21706 is divided by 67?
65
Calculate the remainder when 9 is divided by 9.
0
Calculate the remainder when 277 is divided by 84.
25
What is the remainder when 67 is divided by 22?
1
Calculate the remainder when 3193 is divided by 71.
69
Calculate the remainder when 1134 is divided by 17.
12
Calculate the remainder when 22016 is divided by 97.
94
What is the remainder when 207 is divided by 15?
12
Calculate the remainder when 93 is divided by 27.
12
Calculate the remainder when 1053 is divided by 33.
30
Calculate the remainder when 278 is divided by 40.
38
What is the remainder when 404 is divided by 69?
59
Calculate the remainder when 305 is divided by 9.
8
Calculate the remainder when 104 is divided by 33.
5
Calculate the remainder when 531 is divided by 134.
129
What is the remainder when 22 is divided by 9?
4
Calculate the remainder when 415 is divided by 8.
7
Calculate the remainder when 5